
Calculate the remainder when 17717 is divided by 1038.
71
Calculate the remainder when 2201 is divided by 323.
263
Calculate the remainder when 7526 is divided by 31.
24
Calculate the remainder when 12374 is divided by 1293.
737
Calculate the remainder when 858153 is divided by 107267.
17
What is the remainder when 409 is divided by 7?
3
Calculate the remainder when 1953 is divided by 212.
45
What is the remainder when 550 is divided by 79?
76
What is the remainder when 28438 is divided by 79?
77
What is the remainder when 23194 is divided by 1538?
124
Calculate the remainder when 10523 is divided by 478.
7
Calculate the remainder when 86370 is divided by 118.
112
What is the remainder when 47268 is divided by 163?
161
Calculate the remainder when 456597 is divided by 150.
147
What is the remainder when 6614232 is divided by 45?
42
Calculate the remainder when 7512 is divided by 81.
60
Calculate the remainder when 170059 is divided by 6073.
15
What is the remainder when 8181 is divided by 57?
30
Calculate the remainder when 20922 is divided by 747.
6
What is the remainder when 122502 is divided by 30617?
34
Calculate the remainder when 5625 is divided by 236.
197
What is the remainder when 8913 is divided by 1590?
963
What is the remainder when 551814 is divided by 57?
54
Calculate the remainder when 800916 is divided by 96.
84
Calculate the remainder when 430 is divided by 108.
106
Calculate the remainder when 48195 is divided by 117.
108
Calculate the remainder when 3314218 is divided by 35.
33
Calculate the remainder when 12732 is divided by 283.
280
What is the remainder when 11559 is divided by 1392?
423
Calculate the remainder when 16849 is divided by 202.
83
Calculate the remainder when 8192 is divided by 153.
83
What is the remainder when 446494 is divided by 495?
4
What is the remainder when 1772 is divided by 446?
434
What is the remainder when 8124 is divided by 239?
237
Calculate the remainder when 1451 is divided by 494.
463
What is the remainder when 31875 is divided by 455?
25
Calculate the remainder when 66222 is divided by 66212.
10
What is the remainder when 1979 is divided by 398?
387
What is the remainder when 328170 is divided by 2344?
10
Calculate the remainder when 331044 is divided by 165518.
8
Calculate the remainder when 397902 is divided by 18.
12
Calculate the remainder when 280021 is divided by 27.
4
What is the remainder when 20977 is divided by 20977?
0
Calculate the remainder when 32437 is divided by 624.
613
Calculate the remainder when 12140 is divided by 239.
190
Calculate the remainder when 611593 is divided by 152897.
5
Calculate the remainder when 2081152 is divided by 319.
315
What is the remainder when 1354 is divided by 181?
87
Calculate the remainder when 143826 is divided by 15980.
6
Calculate the remainder when 19702 is divided by 101.
7
Calculate the remainder when 2877 is divided by 2873.
4
Calculate the remainder when 430091 is divided by 52.
51
Calculate the remainder when 128764 is divided by 74.
4
Calculate the remainder when 1268366 is divided by 328.
318
What is the remainder when 12362 is divided by 80?
42
What is the remainder when 2705 is divided by 2675?
30
Calculate the remainder when 1379030 is divided by 344756.
6
Calculate the remainder when 6535 is divided by 3255.
25
What is the remainder when 9710 is divided by 4696?
318
Calculate the remainder when 80711 is divided by 42.
29
Calculate the remainder when 139900 is divided by 207.
175
Calculate the remainder when 97433 is divided by 32358.
359
What is the remainder when 32300 is divided by 10691?
227
Calculate the remainder when 404663 is divided by 312.
311
Calculate the remainder when 12182 is divided by 676.
14
Calculate the remainder when 262344 is divided by 466.
452
Calculate the remainder when 7082 is divided by 370.
52
What is the remainder when 235094 is divided by 31?
21
Calculate the remainder when 835465 is divided by 75951.
4
What is the remainder when 4671 is divided by 3818?
853
Calculate the remainder when 2115 is divided by 731.
653
Calculate the remainder when 89412 is divided by 29775.
87
Calculate the remainder when 39668 is divided by 3966.
8
Calculate the remainder when 577753 is divided by 555.
553
What is the remainder when 2315782 is divided by 282?
280
Calculate the remainder when 4713 is divided by 1507.
192
What is the remainder when 2405 is divided by 487?
457
What is the remainder when 2022 is divided by 96?
6
What is the remainder when 21133 is divided by 21129?
4
Calculate the remainder when 1239 is divided by 542.
155
What is the remainder when 17071 is divided by 8337?
397
What is the remainder when 260 is divided by 70?
50
Calculate the remainder when 504297 is divided by 49.
38
What is the remainder when 24486 is divided by 283?
148
Calculate the remainder when 338095 is divided by 175.
170
What is the remainder when 2385 is divided by 423?
270
Calculate the remainder when 54879 is divided by 70.
69
Calculate the remainder when 14617 is divided by 14609.
8
What is the remainder when 20956 is divided by 262?
258
What is the remainder when 7457 is divided by 3714?
29
Calculate the remainder when 54188 is divided by 43.
8
What is the remainder when 10676 is divided by 628?
0
Calculate the remainder when 377588 is divided by 437.
20
What is the remainder when 121964 is divided by 12195?
14
Calculate the remainder when 6173853 is divided by 96.
93
What is the remainder when 67688 is divided by 14?
12
Calculate the remainder when 890502 is divided by 38717.
11
What is the remainder when 11837 is divided by 67?
45
What is the remainder when 4937 is divided by 396?
185
Calculate the remainder when 16441 is divided by 203.
201
What is the remainder when 137596 is divided by 22926?
40
Calculate the remainder when 10217 is divided by 35.
32
Calculate the remainder when 500655 is divided by 6.
3
Calculate the remainder when 183126 is divided by 61036.
18
Calculate the remainder when 14415 is divided by 4803.
6
What is the remainder when 336349 is divided by 289?
242
What is the remainder when 36278 is divided by 7246?
48
Calculate the remainder when 132552 is divided by 132489.
63
What is the remainder when 4476 is divided by 77?
10
Calculate the remainder when 62260 is divided by 2003.
167
Calculate the remainder when 8741 is divided by 674.
653
What is the remainder when 1895 is divided by 87?
68
What is the remainder when 2107 is divided by 497?
119
Calculate the remainder when 159483 is divided by 82.
75
Calculate the remainder when 1036258 is divided by 513.
511
What is the remainder when 225 is divided by 32?
1
Calculate the remainder when 26684 is divided by 162.
116
Calculate the remainder when 343169 is divided by 53.
47
What is the remainder when 23607 is divided by 254?
239
What is the remainder when 44749 is divided by 734?
709
Calculate the remainder when 4636 is divided by 212.
184
What is the remainder when 19706 is divided by 86?
12
What is the remainder when 97566 is divided by 10?
6
What is the remainder when 151926 is divided by 5064?
6
What is the remainder when 16521 is divided by 389?
183
Calculate the remainder when 623 is divided by 58.
43
Calculate the remainder when 1951 is divided by 109.
98
What is the remainder when 4914 is divided by 1186?
170
What is the remainder when 11681 is divided by 24?
17
Calculate the remainder when 404341 is divided by 288.
277
Calculate the remainder when 7321 is divided by 3402.
517
Calculate the remainder when 32899 is divided by 247.
48
What is the remainder when 23616 is divided by 41?
0
What is the remainder when 471537 is divided by 290?
287
Calculate the remainder when 2826918 is divided by 14.
10
Calculate the remainder when 602 is divided by 86.
0
Calculate the remainder when 7064 is divided by 61.
49
What is the remainder when 76244 is divided by 19057?
16
Calculate the remainder when 1605 is divided by 61.
19
What is the remainder when 11103 is divided by 11090?
13
What is the remainder when 1838 is divided by 142?
134
What is the remainder when 403391 is divided by 1842?
1835
What is the remainder when 533431 is divided by 182?
171
Calculate the remainder when 40220 is divided by 169.
167
Calculate the remainder when 80006 is divided 